d thousands digit of 288884910?
8
What is the ten thousands digit of 1683802?
8
What is the hundred thousands digit of 81822575?
8
What is the thousands digit of 46263170?
3
What is the ten thousands digit of 175705911?
0
What is the hundreds digit of 285610114?
1
What is the millions digit of 467117482?
7
What is the thousands digit of 1446888194?
8
What is the hundred thousands digit of 327584658?
5
What is the units digit of 34901020?
0
What is the hundreds digit of 925133921?
9
What is the tens digit of 56415739?
3
What is the millions digit of 3686799759?
6
What is the tens digit of 84815138?
3
What is the ten thousands digit of 610766028?
6
What is the hundred thousands digit of 3321038297?
0
What is the hundred thousands digit of 188548277?
5
What is the millions digit of 32975931?
2
What is the hundred thousands digit of 2135134104?
1
What is the hundred millions digit of 108249807?
1
What is the ten thousands digit of 94689111?
8
What is the ten millions digit of 54448840?
5
What is the thousands digit of 47187828?
7
What is the millions digit of 265820076?
5
What is the hundred thousands digit of 259319420?
3
What is the tens digit of 1841446011?
1
What is the ten thousands digit of 2330503271?
0
What is the tens digit of 1447715203?
0
What is the hundred millions digit of 3335930633?
3
What is the ten millions digit of 206262172?
0
What is the hundreds digit of 21472250?
2
What is the thousands digit of 630956154?
6
What is the hundreds digit of 6841544997?
9
What is the ten millions digit of 201645512?
0
What is the tens digit of 3233971614?
1
What is the units digit of 143519496?
6
What is the ten millions digit of 100585047?
0
What is the hundred millions digit of 453667869?
4
What is the ten millions digit of 35722024?
3
What is the millions digit of 22243775?
2
What is the ten thousands digit of 37444699?
4
What is the millions digit of 5882570635?
2
What is the millions digit of 632672786?
2
What is the ten millions digit of 48063975?
4
What is the units digit of 345604759?
9
What is the units digit of 165570378?
8
What is the millions digit of 147708412?
7
What is the ten millions digit of 221240656?
2
What is the ten thousands digit of 203501624?
0
What is the units digit of 77294780?
0
What is the billions digit of 3061990635?
3
What is the hundreds digit of 5331314?
3
What is the hundred thousands digit of 27677699?
6
What is the hundred thousands digit of 132821939?
8
What is the ten millions digit of 90041043?
9
What is the ten millions digit of 4988712613?
8
What is the billions digit of 3109854791?
3
What is the units digit of 3914836?
6
What is the ten thousands digit of 1034354103?
5
What is the tens digit of 9775644269?
6
What is the hundred millions digit of 3189712966?
1
What is the ten thousands digit of 448267834?
6
What is the ten thousands digit of 214227130?
2
What is the hundreds digit of 2311516502?
5
What is the ten millions digit of 944032472?
4
What is the ten millions digit of 37918367?
3
What is the tens digit of 57246805?
0
What is the millions digit of 24633288?
4
What is the ten millions digit of 540492055?
4
What is the hundreds digit of 1391325228?
2
What is the tens digit of 3523966044?
4
What is the hundreds digit of 46346767?
7
What is the millions digit of 9024330?
9
What is the ten thousands digit of 35510422?
1
What is the hundred thousands digit of 5861523457?
5
What is the thousands digit of 655147591?
7
What is the thousands digit of 3233538?
3
What is the thousands digit of 2132472636?
2
What is the ten millions digit of 99368565?
9
What is the units digit of 1968869869?
9
What is the billions digit of 1935198936?
1
What is the units digit of 1061120969?
9
What is the thousands digit of 40548229?
8
What is the millions digit of 102601383?
2
What is the tens digit of 24111826?
2
What is the millions digit of 6162622?
6
What is the thousands digit of 1576232?
6
What is the thousands digit of 456088451?
8
What is the hundred thousands digit of 30726425?
7
What is the hundreds digit of 5319939170?
1
What is the hundred thousands digit of 195417964?
4
What is the units digit of 14895905?
5
What is the tens digit of 2266921201?
0
What is the hundreds digit of 3167541882?
8
What is the ten thousands digit of 116239470?
3
What is the ten millions digit of 478981891?
7
What is the thousands digit of 36040031?
0
What is the billions digit of 3279048599?
3
What is the ten thousands digit of 93716087?
1
What is the units digit of 343498370?
0
What is the ten thousands digit of 1355004762?
0
What is the ten millions digit of 1398169119?
9
What is the ten thousands digit of 578673300?
7
What is the units digit of 561432817?
7
What is the hundred thousands digit of 257592376?
5
What is the units digit of 144685640?
0
What is the ten thousands digit of 31665060?
6
What is the hundred thousands digit of 62393458?
3
What is the ten millions digit of 35898280?
3
What is the hundreds digit of 22950375?
3
What is the hundred thousands digit of 1381716661?
7
What is the millions digit of 36193382?
6
What is the thousands digit of 142851332?
1
What is the hundreds digit of 71818132?
1
What is the tens digit of 283452561?
6
What is the thousands digit of 176610966?
0
What is the thousands digit of 105930723?
0
What is the hundred millions digit of 375356104?
3
What is the units digit of 46233662?
2
What is the hundred thousands digit of 997241859?
2
What is the millions digit of 3728090235?
8
What is the thousands digit of 7242844813?
4
What is the ten thousands digit of 9192864937?
6
What is the ten millions digit of 1317966233?
1
What is the units digit of 110938377?
7
What is the thousands digit of 474447070?
7
What is the ten millions digit of 443183275?
4
What is the tens digit of 126457652?
5
What is the ten thousands digit of 118680741?
8
What is the units digit of 705048905?
5
What is the tens digit of 296783856?
5
What is the hundred thousands digit of 1959774414?
7
What is the millions digit of 1892714115?
2
What is the millions digit of 1753724962?
3
What is the millions digit of 65332206?
5
What is the thousands digit of 1671366968?
6
What is the ten thousands digit of 136096404?
9
What is the units digit of 55062051?
1
What is the thousands digit of 1207546937?
6
What is the tens digit of 59745841?
4
What is the hundreds digit of 3004445257?
2
What is the hundred millions digit of 1543609595?
5
What is the billions digit of 4556051445?
4
What is the units digit of 103942323?
3
What is the hundred thousands digit of 468814245?
8
What is the hundred millions digit of 265126453?
2
What is the ten thousands digit of 34826069?
2
What is the hundreds digit of 103321850?
8
What is the thousands digit of 423586965?
6
What is the ten thousands digit of 70610611?
1
What is the tens digit of 180678191?
9
What is the tens digit of 479534492?
9
What is the units digit of 173506512?
2
What is the units digit of 172760336?
6
What is the hundred millions digit of 124266192?
1
What is the hundreds digit of 249908778?
7
What is the hundred thousands digit of 324027991?
0
What is the tens digit of 188321998?
9
What is the hundreds digit of 1642482524?
5
What is the units digit of 75222646?
6
What is the units digit of 30640406?
6
What is the tens digit of 88268161?
6
What is the tens digit of 47340481?
8
What is the hundred millions digit of 998799607?
9
What is the hundred millions digit of 2279750864?
2
What is the thousands digit of 421250691?
0
What is the tens digit of 1591073763?
6
What is the tens digit of 53715085?
8
What is the hundred millions digit of 145344546?
1
What is the millions digit of 50289841?
0
What is the ten millions digit of 164647944?
6
What is the thousands digit of 59029756?
9
What is the millions digit of 502009349?
2
What is the millions digit of 322198949?
2
What is the hundreds digit of 2177967686?
6
What is the ten thousands digit of 400264823?
6
What is the thousands digit of 64453305?
3
What is the hundreds digit of 734328801?
8
What is the thousands digit of 49942098?
2
What is the tens digit of 358355006?
0
What is the hundreds digit of 757564696?
6
What is the ten millions digit of 93848112?
9
What is the thousands digit of 392417942?
7
What is the tens digit of 159080161?
6